 divided by 28?
26
Suppose -6*n + 16*n = 10. What is the remainder when 72 is divided by -4 + 164/12*(4 - n)?
35
Suppose -5*k + 92 = -2*x, 16*x - 13*x = 2*k - 39. Suppose 0 = -3*s + 271 + 98. Calculate the remainder when s is divided by k.
15
Let k(o) = -40*o - 226. What is the remainder when 733 is divided by k(-6)?
5
Let k be (26*-15)/(-8*7/1008). Suppose 5*h + 5*b - 75 = 0, -3*h = -4*h + 2*b + 12. What is the remainder when (2/(-4))/((-65)/k) is divided by h?
12
Let f(z) = -19*z**3 + 38*z**2 + 154*z - 96. What is the remainder when f(-6) is divided by 73?
72
Suppose -32*o + 200 = -30*o. Let d = -98 + o. Calculate the remainder when 82 is divided by (d + 10)*1/2 - 0.
4
Suppose 0 = 4*x + 5*z - 8, -8 = 2*z - 0. Suppose 0 = -v + 5*v - d + 21, 0 = -3*v + 2*d - 22. Let s(w) = w + 31. What is the remainder when s(v) is divided by x?
6
Suppose -3*g + 640 - 13 = 0. Let x = 286 - g. What is the remainder when x is divided by 9?
5
Suppose 11*s - 1656 = -204. Suppose -c - 3*x = -34, -2*c = 3*c - 4*x - s. What is the remainder when 108 is divided by c?
24
Suppose 19*b + 67134 = 86*b. Calculate the remainder when b is divided by 42.
36
Let d(p) = p - 58. Let s be d(0). Suppose 0 = 3*i + 144*z - 143*z + 218, 0 = 2*i - 5*z + 185. Let f = s - i. Calculate the remainder when 84 is divided by f.
16
Let l = -4023 - -4033. What is the remainder when 558 is divided by l?
8
Let s(v) = v**2 - 6*v + 18. Let i = -125 - -132. Calculate the remainder when 123 is divided by s(i).
23
What is the remainder when (0 - -5)*(-261195)/(-275) is divided by 18?
15
Let j(o) = -o**2 + 5*o + 15. Let c be j(8). Let u be -1*(1 - -1) - c. Suppose m + m - 14 = 3*r, m - 5*r = u. Calculate the remainder when 19 is divided by m.
5
Let b(l) = 6*l**2 - 12*l - 2. Let k be b(3). Suppose -6*x - k*x + 176 = 0. Calculate the remainder when 54 is divided by x.
6
Let w(j) = j**3 + 15*j**2 - 4*j - 30. Let t be w(-15). Let x = t - 24. Let y = 37 - 21. What is the remainder when y is divided by x?
4
Suppose -35 = 5*n, 71 = 2*r - 131*n + 136*n. Calculate the remainder when 70 is divided by r.
17
Let c(k) = 6*k. Suppose -3*d - 9 = -2*w, w - 1 = -5*d + 10*d. Suppose w*m - 162 = -36. What is the remainder when m is divided by c(1)?
3
Let c(z) = z**2 - 5*z + 12. Let s be c(5). Suppose 4*x - s*x = -832. What is the remainder when x is divided by 15?
14
Let d(t) = 9*t + 428. Calculate the remainder when 3498 is divided by d(-42).
48
Let r = 97 + -57. Let k(d) = -d**3 + 12*d**2. Let b be k(12). Suppose 108 = w - 3*n - 66, b = -2*w - 3*n + 303. Calculate the remainder when w is divided by r.
39
Let w(b) = -9*b. Let p be w(-4). Suppose 0 = p*r - 38*r + 4. Let i(h) = -h**2 + 6*h - 3. What is the remainder when r is divided by i(5)?
0
Let c(z) = 226*z + 1397. What is the remainder when 1434 is divided by c(-6)?
40
Let c = 160 + 498. Suppose 3*g - c - 1048 = d, -5*d = -g + 550. What is the remainder when g is divided by 23?
18
Let u be 20/(6/(-5 - 1)). Let h(c) = c**3 + 19*c**2 - 20*c + 9. Let x(g) = 2*g**2 - 6*g + 4. Calculate the remainder when x(5) is divided by h(u).
6
Suppose 0 = -24*i + 8872 + 18839 + 133017. What is the remainder when i is divided by 67?
64
Suppose 8*x - 1136 = 136. Let m(v) be the second derivative of 19*v**3/6 + v**2 - 13*v. What is the remainder when x is divided by m(2)?
39
What is the remainder when 798 is divided by (-331)/(-5) + (-120)/100?
18
Let t(z) = z**2 + 8*z - 22. Let m be t(-10). Let o be m*(-25 - (1 - 3)). Suppose -6*l + 172 = o. What is the remainder when l is divided by 11?
10
Suppose -55 = n + 3*u - 228, 5*u = -3*n + 499. Let v = n + -83. Suppose v = 3*q + 9. Calculate the remainder when 175 is divided by q.
21
Let m(s) = -s**3 + 7*s**2 - s + 1. Let i be m(-6). Suppose 22*w - i = 17*w. Calculate the remainder when w is divided by 24.
23
Suppose 82760 = -490*m + 510*m. Calculate the remainder when m is divided by 69.
67
Suppose -25030 = -1122*g - 21885 + 38369. Let q(p) = 34*p - 2. What is the remainder when q(2) is divided by g?
29
Suppose 3*b - 2*k - 244 = 0, 2*b - 7*b - 3*k = -413. Calculate the remainder when ((-848)/(-10))/(b/205) is divided by 24.
20
Let h(b) = 84*b**3 - 3*b**2 + b - 2. Suppose 264 = 13*l - 295. What is the remainder when h(1) is divided by l?
37
Let s = 126 - 124. Suppose 2*u - 2*w = 112, u + 0*u - s*w - 52 = 0. Calculate the remainder when u is divided by 22.
16
Let u be (-80)/24*((-27)/(-6))/(-3). Suppose 2*z = -2*z + 20. Suppose 2*y - 22 = -2*l + y, z*y = u*l - 55. What is the remainder when l is divided by 5?
1
Suppose 5*f + 3*f - 40 = 0, -3*q + 4*f + 625 = 0. What is the remainder when 219 is divided by q?
4
Suppose -5*j + 2*q = -22797, 3*j + 1161 = -q + 14826. Calculate the remainder when j is divided by 114.
111
Suppose 19 - 19 = -2*q. Suppose -3*y + 3 = s - 3, q = y + s. Suppose 5*w + y*b = 240, 4*w + 59 - 224 = 3*b. What is the remainder when w is divided by 12?
9
Suppose 0 = -4*i + 6 + 94. Let p(j) = -812*j - 1622. What is the remainder when i is divided by p(-2)?
1
Let a = -17740 + 18287. Calculate the remainder when a is divided by 78.
1
Let d = -85 + 478. Calculate the remainder when d is divided by 24/1 + -248 + 290.
63
Let k = 25 + -13. Let v = 36 - k. What is the remainder when (-553)/(-8) - (-13)/(-104) is divided by v?
21
Let a be 6/(-9) + (-372)/(-18). Let t(m) = -m**3 + 17*m**2 + 3*m - 18. Calculate the remainder when (-9864)/(-60) - 2/a*4 is divided by t(17).
32
Suppose 14*i - i - 65 = 0. Suppose -c = 4*c + i. What is the remainder when 4 - (30 + 1)*c is divided by 10?
5
Let s = 1591 - 1583. What is the remainder when 975 is divided by s?
7
Suppose -7*m + 6*m - 7 = -4*i, 5*m + 18 = 3*i. Let t(n) = -23*n - 54. Calculate the remainder when 73 is divided by t(m).
13
Suppose 601 = 4*x - 355. Let t = x + -138. What is the remainder when t is divided by 52?
49
Let n(x) = 9*x - 199. Let j = 174 - 149. What is the remainder when 129 is divided by n(j)?
25
Suppose 0 = -2*v + t + 6602, 115*t - 114*t = -5*v + 16484. What is the remainder when v is divided by 11?
9
Let j(c) = 45*c**2 - 28*c - 125. What is the remainder when j(-4) is divided by 170?
27
Let g(y) = 168*y - 834. Calculate the remainder when 154 is divided by g(5).
4
Let t = -80 + 111. Suppose 0 = 26*j - t*j + 405. Suppose -j = -6*w + 195. What is the remainder when 90 is divided by w?
44
Suppose 1246 = 6*j - 1238. Suppose 13*w = -10*w + j. What is the remainder when (-134)/(-2) - (-1 - 1) is divided by w?
15
Let p = 13232 - 13207. What is the remainder when 1980 is divided by p?
5
Let q be 468/3*24/18. Suppose 5*f - q - 82 = 0. Let x = 70 - f. What is the remainder when 43 is divided by x?
7
Suppose -5*j + 1706 = 326. Suppose 4*g - 377*m = -372*m + 67, 103 = 4*g - m. What is the remainder when j is divided by g?
24
Suppose 196*h - 112*h = 97*h - 676. Calculate the remainder when h is divided by 14.
10
Suppose 2*p + d - 198 = 0, -4*p - p + 492 = 4*d. Let s = p + -68. What is the remainder when s is divided by (16 + (-24)/2)*(-28)/(-16)?
4
Let z = -19115 - -19150. Let w(g) = 36*g - 7. Calculate the remainder when w(5) is divided by z.
33
Suppose 2*d - l = 69, -2*d + 4*d + 2*l = 66. Suppose s + 4*h = -0*s + 17, 0 = -s + h - 3. Calculate the remainder when 263/4 - s/(-4) is divided by d.
32
Suppose -3*w - 393 = 4*x, 4*w - 372 = 4*x - 0*x. What is the remainder when 238/8 - 24/x is divided by 3?
0
Let p = 30 + -30. What is the remainder when 32 is divided by (-17 + p)*(4 + -4 - 1)?
15
Suppose 11*d = 8*d + 6. Let p be (d*(-2)/(-8))/(18/36). Suppose -5*l = 5*i - 35, 4*i - p + 13 = 4*l. What is the remainder when 23 is divided by l?
3
Suppose 2*x + 4*j = 162, -4*j + 187 = 5*x - 224. Calculate the remainder when 504 is divided by x.
6
Suppose 2*n = -2*n - 3*r + 41, 4*n - 5*r = 49. Let z be 1/(-1 - (-11)/(220/24)). Suppose -z*v - 8 = -9*v. What is the remainder when n is divided by v?
1
Suppose 0 = 163*a - 10805 - 1583. What is the remainder when a is divided by (2 - 0)*(41/2 + 8)?
19
Let l = 257 - 250. What is the remainder when 12 is divided by (10/3)/((-8)/(-84)*l)?
2
Let j = -61 - -63. Calculate the remainder when 60 is divided by ((-816)/(-27) - 0) + j/(-9).
0
Suppose 0 = 2*a + 3*t - 37 - 14, 0 = -4*a - 5*t + 103. Suppose 3*y = 4*p + 5*y - 1280, -1594 = -5*p - 4*y. Calculate 